he highest common divisor of 125566605 and 45.
45
Calculate the greatest common factor of 571734 and 33534.
414
What is the highest common factor of 6848 and 58272628?
428
What is the greatest common divisor of 2289 and 3887049?
327
Calculate the greatest common divisor of 658148 and 13700.
548
What is the highest common factor of 4000 and 10943000?
1000
Calculate the greatest common factor of 734526043 and 43.
43
What is the greatest common divisor of 1020523 and 2101757?
2891
What is the greatest common factor of 43304 and 859963310?
10826
What is the highest common divisor of 17461 and 5467131?
919
Calculate the greatest common factor of 6716 and 2122440.
92
Calculate the highest common factor of 19736389 and 41056.
1283
What is the greatest common factor of 3536 and 21248929?
221
Calculate the greatest common divisor of 4295409372 and 108.
108
What is the greatest common divisor of 1013896 and 109304?
104
Calculate the highest common factor of 679506 and 3022134.
654
Calculate the greatest common factor of 7639538 and 185.
37
What is the highest common factor of 19453 and 1115173?
397
What is the greatest common factor of 74 and 10048238?
74
Calculate the greatest common divisor of 5332485 and 405.
15
Calculate the highest common divisor of 27570510 and 60390.
990
Calculate the greatest common divisor of 9313889 and 39.
13
What is the greatest common divisor of 248 and 244534076?
124
Calculate the highest common divisor of 1114243 and 39.
13
What is the highest common divisor of 117 and 1282801?
13
What is the greatest common factor of 1632 and 9438400?
544
What is the highest common factor of 8 and 5721785?
1
Calculate the greatest common factor of 1500 and 314856.
12
Calculate the highest common factor of 11 and 1742130401.
11
Calculate the greatest common divisor of 86088 and 62968.
136
What is the greatest common factor of 1157 and 1267627?
89
Calculate the highest common factor of 945018232 and 776.
776
What is the highest common divisor of 16143851 and 469?
67
What is the greatest common divisor of 26852078 and 289?
17
What is the greatest common factor of 1525560 and 80?
40
Calculate the greatest common divisor of 47324317 and 1334.
667
Calculate the greatest common divisor of 3087 and 20037570.
147
Calculate the highest common divisor of 310 and 140472935.
155
Calculate the greatest common divisor of 44492 and 138040516.
908
Calculate the greatest common factor of 22625 and 5912625.
125
Calculate the highest common divisor of 2767277 and 95319.
1513
Calculate the highest common factor of 69 and 753733.
23
Calculate the greatest common divisor of 72 and 281618748.
36
Calculate the highest common factor of 14313408 and 21336.
3048
What is the greatest common divisor of 330 and 1728364?
22
Calculate the greatest common factor of 142129 and 3718.
169
Calculate the greatest common factor of 654429 and 183.
3
Calculate the greatest common factor of 3006281 and 831.
277
What is the highest common divisor of 11578512 and 297?
33
Calculate the highest common factor of 46525 and 830006.
1861
Calculate the greatest common divisor of 10393429 and 5210.
521
What is the greatest common factor of 3406470866 and 382?
382
Calculate the greatest common divisor of 6034153 and 1691.
19
Calculate the greatest common factor of 3118430 and 80.
10
What is the greatest common factor of 329617593 and 243?
243
Calculate the highest common divisor of 7345 and 27233.
113
What is the greatest common factor of 20436102 and 18?
18
Calculate the greatest common divisor of 11341 and 96624.
11
What is the greatest common divisor of 1346 and 23764303?
673
What is the greatest common factor of 49880 and 1836280?
1160
What is the highest common divisor of 1107358 and 190?
38
What is the highest common factor of 300 and 304176?
12
What is the greatest common factor of 7310 and 13204580?
170
What is the greatest common divisor of 30 and 135137410?
10
Calculate the highest common divisor of 91058336 and 133.
19
Calculate the greatest common divisor of 40335 and 204495.
15
What is the highest common factor of 28025875 and 75?
25
What is the greatest common factor of 606 and 50096?
202
What is the greatest common divisor of 74 and 49656109?
37
What is the highest common divisor of 3 and 956451?
3
Calculate the greatest common factor of 488 and 71371220.
244
What is the greatest common factor of 568330 and 38640?
1610
Calculate the highest common divisor of 304722 and 6810474.
1254
What is the greatest common divisor of 26827423 and 7?
7
What is the greatest common divisor of 132066 and 27522?
198
Calculate the greatest common divisor of 8969581 and 2291.
79
What is the highest common divisor of 6 and 13536818?
2
What is the greatest common factor of 3154834210 and 11?
11
Calculate the greatest common divisor of 167054958 and 178.
178
What is the greatest common divisor of 283680 and 1760?
160
What is the highest common divisor of 6948803 and 574?
41
Calculate the highest common divisor of 6930 and 2780700615.
3465
Calculate the greatest common divisor of 117658241 and 51.
17
Calculate the greatest common divisor of 11349 and 142766637.
3783
Calculate the highest common divisor of 867288 and 27.
3
What is the greatest common divisor of 9495800 and 19750?
3950
What is the highest common divisor of 86256 and 41112?
72
What is the highest common factor of 2469725 and 471645?
1115
What is the highest common divisor of 9328783 and 314?
157
Calculate the highest common factor of 22701 and 63244503.
483
What is the greatest common factor of 570 and 1406142?
6
What is the highest common factor of 2592 and 1657260?
324
What is the highest common divisor of 2049144 and 3288?
24
What is the greatest common divisor of 31460081 and 68?
17
What is the highest common divisor of 6324 and 17326706?
1054
Calculate the greatest common divisor of 257197440 and 1800.
120
Calculate the greatest common divisor of 215 and 11947135.
5
What is the highest common divisor of 6568137 and 102?
51
What is the greatest common divisor of 103320 and 2205?
315
Calculate the greatest common divisor of 272739 and 290604.
1191
Calculate the highest common factor of 8710680 and 484.
44
Calculate the highest common divisor of 258 and 93497007.
129
What is the greatest common divisor of 6 and 269202?
6
Calculate the greatest common divisor of 34030 and 112094.
82
Calculate the greatest common factor of 2355284 and 42479.
107
What is the highest common factor of 148 and 1358584944?
148
What is the highest common divisor of 77 and 668530093?
77
Calculate the greatest common divisor of 10342096 and 10785.
719
What is the highest common factor of 77090148 and 2984?
1492
What is the greatest common factor of 104 and 6016712?
104
Calculate the highest common divisor of 107707 and 6585889.
2627
What is the highest common factor of 5024 and 2816160?
32
Calculate the greatest common factor of 732257883 and 63.
63
What is the greatest common divisor of 4905960 and 120?
120
What is the greatest common factor of 12343212 and 34776?
756
Calculate the greatest common factor of 1838321 and 106141.
257
Calculate the highest common divisor of 142 and 39704194.
142
What is the highest common factor of 49385 and 33711?
17
Calculate the highest common factor of 1242 and 10183878.
18
Calculate the greatest common factor of 2400736 and 611.
13
What is the greatest common divisor of 2313839 and 107635?
209
What is the greatest common factor of 257 and 37823204?
257
What is the highest common divisor of 848864 and 499872?
1312
What is the highest common divisor of 345392 and 33424?
16
What is the highest common factor of 58 and 330704661?
29
Calculate the highest common factor of 184257 and 281417.
347
Calculate the greatest common factor of 13522473 and 265.
53
Calculate the greatest common divisor of 19182 and 689718.
834
Calculate the highest common divisor of 55138 and 22246732.
2902
Calculate the highest common factor of 20250 and 70500.
750
What is the greatest common divisor of 1020745 and 112739?
3047
What is the greatest common factor of 16386 and 56766?
6
What is the highest common divisor of 4472337 and 183?
183
What is the greatest common factor of 796173 and 282751?
217
What is the greatest common factor of 156755 and 62